y n(5)?
8
Suppose -5*l + 130 = -5*i, l + 10 = -11*i + 6*i. Suppose 400 = -5*w + 1555. What is the remainder when w is divided by l?
11
Let f(b) = 5576*b**3 - 15*b**2 + 12*b + 1. What is the remainder when f(1) is divided by 41?
39
Let l = 5510 - 3514. Calculate the remainder when l is divided by 37.
35
Let y be 30/2 + -5 + 2. Let g = y + -10. What is the remainder when (g - 2)*-1 - -46 is divided by 25?
21
Suppose 20 = -25*n + 30*n, 2*j - 4*n = 7678. Calculate the remainder when j is divided by 36.
31
Suppose -51*s = 62*s + 207*s - 647680. Calculate the remainder when s is divided by 39.
35
Let c = -25 + 55. Suppose -16*o = 2*m - 12*o - 6, 5*m - 5*o = c. Suppose 0 = 3*p - 4*p + 2, -2*y - p = -12. What is the remainder when m is divided by y?
0
Suppose 17*i - 3833 = 927. What is the remainder when i is divided by 162?
118
Let z(r) = r**3 - 19*r**2 - 19*r. Let s be 5 - (-2)/(10/75). What is the remainder when z(s) is divided by 3?
2
Let l(i) = 4*i - 365. Calculate the remainder when -1 - -3 - -2*23 is divided by l(96).
10
Let d(y) = -2*y**3 - 13*y**2 + 9*y + 13. Calculate the remainder when d(-11) is divided by 15.
13
Suppose 54*w = 1017 + 12483. What is the remainder when 14247 is divided by w?
247
Let n = -403 + -105. Let d = n - -516. Calculate the remainder when d is divided by 7.
1
Let y = 485 - 476. Let u(j) = -j**2 - 12*j - 5. Let w(q) = q**3 - 10*q**2 - q - 1. Let s be w(10). What is the remainder when y is divided by u(s)?
3
Suppose -71 = -u + 3*f, 0 = 2*u + f - 81 - 96. Suppose u + 164 = 5*x. What is the remainder when x is divided by 4/18 + (-604)/(-36)?
16
Suppose -22*c = -21 - 23. Suppose 0 = 3*r + 5*s - 123, r + c*s - 37 = 4. What is the remainder when 119 is divided by r?
37
What is the remainder when (2 - 7)*(-604)/10 is divided by 2/8*(177 + 44 + 23)?
58
Suppose -2*z = -24 + 12. Suppose z*h - 301 = -h. Calculate the remainder when h is divided by 12.
7
Let m(z) = 5*z + 30. Let h be m(12). Suppose 29*c = 24*c - h. Let r(s) = -2*s + 9. Calculate the remainder when 88 is divided by r(c).
43
Suppose 0 = -7*f - 27*f + 8*f + 41340. Calculate the remainder when f is divided by 521.
27
Let u be 2/15 + (-12)/(-45)*-23. Suppose 7*z = -4*m + 3*z + 12, 0 = -2*m + 5*z + 6. Calculate the remainder when m is divided by (-9)/u*(5 + -3).
0
Let q(r) = -10*r + 27. Let b be q(11). Let u be b - (3 - 3)/2. Let f = u - -140. What is the remainder when f is divided by 15?
12
Suppose 178*k - 177*k = 26. Let c(q) = q**2 - 24*q - 36. Calculate the remainder when 189 is divided by c(k).
13
Suppose 0 = -d + 5*b - 9*b - 25, 3*d + 4*b = -51. Let s = d + 25. Calculate the remainder when 22 is divided by s.
10
Let c(i) = -9678 + 28*i - i + 9573. Calculate the remainder when c(14) is divided by 55.
53
Let y = 4199 - 4031. Calculate the remainder when y is divided by 83.
2
Let v(l) = l**3 - 13*l**2 - 15*l + 17. Let m be v(14). What is the remainder when (89 + -28)*m*1 - 2 is divided by 2?
1
Suppose 10 = 5*c + 2*i, 0 = i - 3 - 2. Let g = 20 - c. Suppose -29*b = -22*b - 693. What is the remainder when b is divided by g?
19
Suppose 286 = 59*r - 45*r - 316. Calculate the remainder when 934 is divided by r.
31
Suppose -5*f + 112 = 17. Suppose p + 4*y = -9, -p + 2*y = -3*p - 24. Calculate the remainder when f is divided by (-13)/(p/12) - 3.
1
What is the remainder when 261 is divided by (1/2*-1)/(-39 + 30884/792)?
63
Let t be ((-72)/(-28) - 0)*7. Let f = 22 - t. Suppose 103 = 3*h - 2*w, -f*h + 2*h + 3*w + 62 = 0. Calculate the remainder when h is divided by 20.
17
Suppose 5*g = 12*g - 14. Let o be 6 + -1 + g + -1. Suppose -o*c + 2*c = -316. What is the remainder when c is divided by 27?
25
Suppose 80*i - 35655 = 6745. What is the remainder when i is divided by 136?
122
Suppose r = -2*p + 20, 5*p + 69 - 2 = 2*r. Suppose 331 + 27317 = 36*o. Let m = o - 641. Calculate the remainder when m is divided by r.
23
Calculate the remainder when 2111 is divided by ((-704)/(-20))/(124/310).
87
Let l(f) = -4*f**2 - 14*f. Let j be l(-6). Let q = -49 - j. What is the remainder when 153 is divided by q?
10
Suppose 0 = 2*n, 5*c - c - 300 = -2*n. Suppose -21 = -2*i + 19. What is the remainder when c is divided by i?
15
Let s(d) = -1008*d + 503*d + 448*d + 68 - 3*d**2. What is the remainder when 85 is divided by s(-20)?
5
Suppose 2*p - 2*r + 16 = 0, -p + 8 = -4*p - r. Let g(d) = -33*d - 2. Calculate the remainder when g(p) is divided by ((-18)/6 - -12) + 270/15.
22
Let k(t) = -2*t**2 + 34*t + 53. Let y be (1 - 9/5)*540/(-24). Calculate the remainder when 218 is divided by k(y).
14
Let r(x) = -x**3 - 9*x**2 - 8*x + 2. Let z be r(-8). Let p(t) = 25*t**3 - 3*t**2 + 2*t - 3. Calculate the remainder when p(z) is divided by 38.
37
Suppose 71*g - 872 = 69*g + 6*f, 3*g - 5*f = 1300. Calculate the remainder when g is divided by 29.
24
Let j = 258 - 254. What is the remainder when ((-6)/j)/(11 + (-23514)/2136) is divided by 15?
13
Suppose 0 = -111*y + 106*y + 390. Let z = 97 - y. What is the remainder when z is divided by 15?
4
Let n = -15502 + 15504. What is the remainder when 216 is divided by n?
0
Let t be 3/((9/10)/((-18)/(-30))). Suppose 0 = -t*k + 170 - 20. What is the remainder when k is divided by (-376)/(-20) + (-3)/(-15)?
18
Let o(g) = g**2 + 3*g - 14. Let t be o(-6). Suppose -3*b - 3*l + 35 + 19 = 0, t*b - 2*l = 102. Let p = 369 + -256. What is the remainder when p is divided by b?
21
Let j be (-12)/((-924)/84917) + 4/22. Let g = j - 710. Calculate the remainder when g is divided by 18.
15
Suppose 104319 + 49613 + 79393 = 85*m. Calculate the remainder when 5491 is divided by m.
1
What is the remainder when (20/(-80)*(-2 - 2))/(14/6174) is divided by 31?
7
Let b = 152 - 1. Let h = 1997 + -1959. What is the remainder when b is divided by h?
37
Suppose 18115 = 592*x - 45821. Calculate the remainder when 1377 is divided by x.
81
Suppose -2*p + 80 = -12. Suppose -4*s + 1919 = -3*a, 5 = -6*s + s. Let l = 667 + a. What is the remainder when p is divided by l?
20
Let c be 8 - (7 + 0 + -3). Let p(n) = 25*n - 73. Calculate the remainder when p(c) is divided by 16.
11
Let q = -87489 - -87495. Suppose -2*d = -327 - 7. Calculate the remainder when d is divided by q.
5
Suppose -14*k - 3*k = -544. Calculate the remainder when (-2)/(4/(-314) - 0) is divided by k.
29
Let r be 7*27/(-378) - 95/(-2). Let v = 1 + -1. Suppose -f + 29 = f - k, v = 3*f + 2*k - r. What is the remainder when 26 is divided by f?
11
Let w(x) = -12*x**2 - 215*x - 934. Let n = 19 - -5. Let k = n - 14. What is the remainder when w(-9) is divided by k?
9
Calculate the remainder when 323 is divided by 146418/828 + 1/6.
146
Let b = -21 - -29. Suppose -27*d = 1771 + 11. Let s = d - -92. What is the remainder when s is divided by b?
2
Let u be (-69)/46*(-64)/6. Calculate the remainder when 17 is divided by ((-91)/(-104))/(2/u).
3
Let r = -30 + 37. Let b be (-10)/(-8) - r/28. What is the remainder when 24 is divided by -13*1*b/(-1)?
11
What is the remainder when 737 is divided by ((-560)/50)/8 + ((-6723)/(-15))/3?
145
Let m = 6666 - 6647. What is the remainder when 601 is divided by m?
12
Suppose 11*s - 8*s = 2*s + 5. What is the remainder when 588 is divided by s?
3
Suppose 0 = -z - 4*i + 37, 17*i - 12 = 14*i. Let y(k) = k**3 + 7*k**2 - 2*k + 8. What is the remainder when y(-6) is divided by z?
14
Let a = 251 + -251. Suppose 3*n - 75 + 24 = a. Let c(p) = -14*p**3 - 4*p**2 - 4*p - 3. Calculate the remainder when c(-2) is divided by n.
16
Let r(y) = y**3 - 8*y**2 + 12*y + 12. Let u be (5 - 0) + -5 + 10 + -4. What is the remainder when 31 is divided by r(u)?
7
Suppose 29*u = -1162 + 14328. What is the remainder when 470 is divided by u?
16
Let n = 9456 + -9417. Suppose 2*v - 6*v + 204 = 0. Let j = -36 + v. What is the remainder when n is divided by j?
9
Suppose -18*f = -22 + 4. Let w(r) = -11*r + 17. Calculate the remainder when 87 is divided by w(f).
3
Let h(g) = 2*g - 1885 + 3*g + 4*g + 2021. What is the remainder when h(-11) is divided by 4?
1
Suppose -40*g = -43*g - 12. Let j(h) = -8*h + 50. Let t(o) = 4*o - 25. Let x(a) = g*j(a) - 9*t(a). Calculate the remainder when 48 is divided by x(0).
23
Let z be (-69)/23 - -1*6. Suppose -20*c = z*c - 1104. Calculate the remainder when 95 is divided by c.
47
Suppose -4*a + 39 = k, -a + 5 = k -